{"id":49,"date":"2023-11-20T18:00:34","date_gmt":"2023-11-20T17:00:34","guid":{"rendered":"http:\/\/sylvainmilliot.com\/?page_id=49"},"modified":"2026-01-06T12:44:32","modified_gmt":"2026-01-06T11:44:32","slug":"bio","status":"publish","type":"page","link":"https:\/\/sylvainmilliot.com\/?page_id=49","title":{"rendered":"Bio"},"content":{"rendered":"\n<figure class=\"wp-block-image size-large is-resized\"><img loading=\"lazy\" decoding=\"async\" width=\"768\" height=\"1024\" src=\"https:\/\/sylvainmilliot.com\/wp-content\/uploads\/2024\/04\/S_Milliot_portrait-1-768x1024.jpg\" alt=\"\" class=\"wp-image-163\" style=\"width:255px;height:auto\" srcset=\"https:\/\/sylvainmilliot.com\/wp-content\/uploads\/2024\/04\/S_Milliot_portrait-1-768x1024.jpg 768w, https:\/\/sylvainmilliot.com\/wp-content\/uploads\/2024\/04\/S_Milliot_portrait-1-225x300.jpg 225w, https:\/\/sylvainmilliot.com\/wp-content\/uploads\/2024\/04\/S_Milliot_portrait-1-1152x1536.jpg 1152w, https:\/\/sylvainmilliot.com\/wp-content\/uploads\/2024\/04\/S_Milliot_portrait-1-1536x2048.jpg 1536w, https:\/\/sylvainmilliot.com\/wp-content\/uploads\/2024\/04\/S_Milliot_portrait-1-scaled.jpg 1920w\" sizes=\"auto, (max-width: 768px) 100vw, 768px\" \/><\/figure>\n\n\n\n<div class=\"wp-block-group\"><div class=\"wp-block-group__inner-container is-layout-constrained wp-block-group-is-layout-constrained\">\n<div class=\"wp-block-columns is-layout-flex wp-container-core-columns-is-layout-28f84493 wp-block-columns-is-layout-flex\">\n<div class=\"wp-block-column is-layout-flow wp-block-column-is-layout-flow\" style=\"flex-basis:100%\">\n<div class=\"wp-block-group is-vertical is-layout-flex wp-container-core-group-is-layout-fe9cc265 wp-block-group-is-layout-flex\">\n<div class=\"wp-block-group is-nowrap is-layout-flex wp-container-core-group-is-layout-6c531013 wp-block-group-is-layout-flex\">\n<div class=\"wp-block-group is-vertical is-layout-flex wp-container-core-group-is-layout-fe9cc265 wp-block-group-is-layout-flex\">\n<p><\/p>\n\n\n\n<p>Je suis n\u00e9 en 1974. J&rsquo;ai suivi des \u00e9tudes de philosophie (Universit\u00e9 Jean Moulin Lyon III).<\/p>\n\n\n\n<p>Je suis devenu musicien professionnel, compositeur et auteur en 2007 au sein de la compagnie <a href=\"https:\/\/moteursmultiples.fr\" title=\"Moteurs Multiples\">Moteurs Multiples<\/a> avec laquelle j&rsquo;ai particip\u00e9 \u00e0 la cr\u00e9ation des spectacles en collaboration avec la metteure en sc\u00e8ne et com\u00e9dienne Lise Ardaillon. Nos cr\u00e9ations ont tourn\u00e9 dans de nombreux th\u00e9\u00e2tres de France et de Suisse, sc\u00e8nes nationales, CDN, sc\u00e8nes conventionn\u00e9es, th\u00e9\u00e2tres de ville, m\u00e9diath\u00e8ques. <\/p>\n\n\n\n<p>En tant qu&rsquo;auteur j&rsquo;ai \u00e9crit les textes des spectacles (<em>D\u00e9couenn\u00e9(s)(s), le cochon est un homme comme les autres, Davos, Cr\u00e9ature(s), Le Veilleur, Monde, Vaudeville<\/em>). Mes textes <em>A l&rsquo;\u00e9car<\/em>t et <em>Chou blanc <\/em>ont \u00e9t\u00e9 laur\u00e9ats de l&rsquo;aide nationale \u00e0 la cr\u00e9ation dramatique <strong><a href=\"https:\/\/www.artcena.fr\/auteurs-soutenus\/sylvain-milliot\" title=\"ARTCENA\">ARTCENA<\/a><\/strong> respectivement en 2021 et 2024.<\/p>\n\n\n\n<p>Je compose aussi toutes les musiques des spectacles de la compagnie et interviens aupr\u00e8s des \u00e9l\u00e8ves, coll\u00e9giens et lyc\u00e9ens dans la d\u00e9couverte des pratiques de la sc\u00e8ne. J&rsquo;ai compos\u00e9 et jou\u00e9 de nombreuses partitions musicales des spectacles dans les cadres scolaires ou d&rsquo;actions culturelles en territoire d&rsquo;Auvergne Rh\u00f4ne-Alpes. Cette pratique est assez exigeante et stimulante car elle oblige \u00e0 composer sur le moment, lors des r\u00e9p\u00e9titions et de la mise en sc\u00e8ne du texte au plateau, \u00e0 suivre les com\u00e9diens et com\u00e9diennes en inventant une dramaturgie musicale sur l&rsquo;instant. Mes habitudes de composition s&rsquo;appuient sur l&rsquo;improvisation qui constitue le c\u0153ur de mon approche musicale, que ce soit dans les cr\u00e9ations th\u00e9\u00e2trales avec les amateurs ou les professionnels, dans la composition de scores pour l&rsquo;image ou dans mes projets en solo.<\/p>\n<\/div>\n<\/div>\n\n\n\n<div class=\"wp-block-group\"><div class=\"wp-block-group__inner-container is-layout-constrained wp-block-group-is-layout-constrained\">\n<p>Sous les noms de <strong><a href=\"https:\/\/vehicule.bandcamp.com\" title=\"V\u00e9hicule\">V\u00e9hicule<\/a><\/strong> et <strong><a href=\"https:\/\/pianobrut.bandcamp.com\" title=\"Piano Brut\">Piano Brut<\/a><\/strong>, je poursuis un travail musical entre free ambient et post jazz, musiques \u00e9lectroacoustiques et exp\u00e9rimentales. <\/p>\n\n\n\n<p>5 albums sous le nom de V\u00e9hicule ont \u00e9t\u00e9 r\u00e9alis\u00e9s sur les labels Midira Records, Flophouse, Rohs Records, Sublime Retreat. 3 albums sous le nom de Piano Brut sont sortis sur les labels Grisaille, Noir\/Age et Flophouse. <\/p>\n\n\n\n<p>J&rsquo;ai aussi r\u00e9alis\u00e9 en tant que compositeur quelques bandes-son pour des institutions, pour des vid\u00e9os et des courts-m\u00e9trages. A voir sur <a href=\"https:\/\/sylvainmilliot.com\/?page_id=205\" title=\"cette page\">cette page<\/a>. <\/p>\n<\/div><\/div>\n<\/div>\n<\/div>\n<\/div>\n<\/div><\/div>\n","protected":false},"excerpt":{"rendered":"<p>Je suis n\u00e9 en 1974. J&rsquo;ai suivi des \u00e9tudes de philosophie (Universit\u00e9 Jean Moulin Lyon III). Je suis devenu musicien professionnel, compositeur et auteur en 2007 au sein de la compagnie Moteurs Multiples avec laquelle j&rsquo;ai particip\u00e9 \u00e0 la cr\u00e9ation des spectacles en collaboration avec la metteure en sc\u00e8ne et com\u00e9dienne Lise Ardaillon. Nos cr\u00e9ations&hellip;<\/p>\n","protected":false},"author":1,"featured_media":0,"parent":0,"menu_order":0,"comment_status":"closed","ping_status":"closed","template":"","meta":{"om_disable_all_campaigns":false,"_monsterinsights_skip_tracking":false,"_monsterinsights_sitenote_active":false,"_monsterinsights_sitenote_note":"","_monsterinsights_sitenote_category":0,"footnotes":""},"class_list":["post-49","page","type-page","status-publish","hentry"],"aioseo_notices":[],"_links":{"self":[{"href":"https:\/\/sylvainmilliot.com\/index.php?rest_route=\/wp\/v2\/pages\/49","targetHints":{"allow":["GET"]}}],"collection":[{"href":"https:\/\/sylvainmilliot.com\/index.php?rest_route=\/wp\/v2\/pages"}],"about":[{"href":"https:\/\/sylvainmilliot.com\/index.php?rest_route=\/wp\/v2\/types\/page"}],"author":[{"embeddable":true,"href":"https:\/\/sylvainmilliot.com\/index.php?rest_route=\/wp\/v2\/users\/1"}],"replies":[{"embeddable":true,"href":"https:\/\/sylvainmilliot.com\/index.php?rest_route=%2Fwp%2Fv2%2Fcomments&post=49"}],"version-history":[{"count":26,"href":"https:\/\/sylvainmilliot.com\/index.php?rest_route=\/wp\/v2\/pages\/49\/revisions"}],"predecessor-version":[{"id":356,"href":"https:\/\/sylvainmilliot.com\/index.php?rest_route=\/wp\/v2\/pages\/49\/revisions\/356"}],"wp:attachment":[{"href":"https:\/\/sylvainmilliot.com\/index.php?rest_route=%2Fwp%2Fv2%2Fmedia&parent=49"}],"curies":[{"name":"wp","href":"https:\/\/api.w.org\/{rel}","templated":true}]}}