{"id":341,"date":"2025-05-19T16:40:06","date_gmt":"2025-05-19T14:40:06","guid":{"rendered":"https:\/\/sylvainmilliot.com\/?page_id=341"},"modified":"2025-06-02T09:44:27","modified_gmt":"2025-06-02T07:44:27","slug":"publications","status":"publish","type":"page","link":"https:\/\/sylvainmilliot.com\/?page_id=341","title":{"rendered":"Publications"},"content":{"rendered":"\n<h2 class=\"wp-block-heading\">[en] bloc [s]<\/h2>\n\n\n\n<figure class=\"wp-block-image size-full\"><a href=\"https:\/\/www.editions-l.fr\/&amp;bloc\"><img loading=\"lazy\" decoding=\"async\" width=\"365\" height=\"585\" src=\"https:\/\/sylvainmilliot.com\/wp-content\/uploads\/2025\/05\/image_2025-05-19_151402582.png\" alt=\"\" class=\"wp-image-343\" srcset=\"https:\/\/sylvainmilliot.com\/wp-content\/uploads\/2025\/05\/image_2025-05-19_151402582.png 365w, https:\/\/sylvainmilliot.com\/wp-content\/uploads\/2025\/05\/image_2025-05-19_151402582-187x300.png 187w\" sizes=\"auto, (max-width: 365px) 100vw, 365px\" \/><\/a><\/figure>\n\n\n\n<pre class=\"wp-block-preformatted\"><\/pre>\n\n\n\n<pre class=\"wp-block-preformatted\">47 blocs qui surgissent sur la page comme les souvenirs dans la m\u00e9moire.<br><br>Chaque bloc s'ouvre et se ferme sur un m\u00eame mot ou groupe de mots qui l'enserre comme deux briques ou deux linteaux faisant tenir l'\u00e9difice du souvenir. <br><br>Ce souvenir, reconstitu\u00e9 par l'\u00e9criture de la m\u00e9moire (et la m\u00e9moire dans l'\u00e9criture) fait la jonction entre l'enfant et l'adulte dans leur face \u00e0 face au-del\u00e0 du temps et du devenir, avec entre eux deux l'\u00e9nigme de ce qui a \u00e9t\u00e9 et qui est dor\u00e9navant perdu. <br><br>Entre po\u00e9sie et r\u00e9cit, [en] bloc [s] tisse des tableaux par associations d'id\u00e9es et de mots o\u00f9 se reconnaissent des figures, se visitent des lieux, o\u00f9 des contigu\u00eft\u00e9s signifiantes \u00e9mergent, et finissent par raconter une histoire qui est celle de l'enfant et de l'adulte dans le passage m\u00e9lancolique des ann\u00e9es. <br><br>Publi\u00e9 aux Editions L dans la collection Fant\u00f4me contemporain.<br><br>A commander directement sur le site des <a href=\"https:\/\/editions-l.fr\/index.php?page=mes_livres\" target=\"_blank\" rel=\"noopener\" title=\"\">Editions L<\/a> en format livre imprim\u00e9 ou fichier PDF ou EPUB.<br><br><br>Extrait<\/pre>\n\n\n\n<p>INVOQUER SATAN sur une planche en<br>bois pour couper le saucisson avec les<br>jumeaux l\u2019un aux montures vertes l\u2019autre<br>aux montures rouges et le copain \u00e0 l\u2019<br>Amstrad et celui qui fait passer sa<br>cha\u00eenette dans la gorge par le nez chez le<br>gars qui lit Tolkien dans le car invoquer<br>Satan avec un verre \u00e0 pied et une planche \u00e0<br>saucisson pour que \u00e7a glisse mieux il faut<br>se concentrer tr\u00e8s fort et penser satan<br>satan satan satan dans sa t\u00eate si bien que<br>des images se forment sous les paupi\u00e8res<br>baiss\u00e9es ce sont des flashs de verre des<br>stries vitr\u00e9es le verre se met \u00e0 bouger c\u2019est<br>dingue putain on se marre on a invoqu\u00e9<br>Satan ou bien un esprit est-ce bien<br>possible le verre bouge pour r\u00e9pondre \u00e0<br>nos questions cons comme plus tard sur le<br>piano \u00e0 queue chez un copain avec des<br>filles qui veulent absolument parler \u00e0 leur<br>grand-p\u00e8re et aussi chez une autre avec la<br>fille des nouveaux voisins qui veut aussi<br>parler \u00e0 son grand-p\u00e8re pourquoi veulent<br>tous parler \u00e0 leur grand-p\u00e8re les miens ne<br>parlaient d\u00e9j\u00e0 pas de leur vivant je doute<br>qu\u2019ils parlent plus une fois morts \u00e0 part<br>oui non oui non maintenant la nuit<br>tombe sur chacun j\u2019ai dit j\u2019ai invoqu\u00e9<br>Satan et \u00e7a a march\u00e9 ma m\u00e8re me dit \u00e7a<br>ne se fait pas imagine un seul instant qu\u2019il<br>existe et je ne me marre plus du tout et<br>j\u2019invoque la vierge avec le chapelet aux<br>pierres roses de la grand-m\u00e8re \u00e7a<br>m\u2019apprendra \u00e0 INVOQUER SATAN<\/p>\n","protected":false},"excerpt":{"rendered":"<p>[en] bloc [s] 47 blocs qui surgissent sur la page comme les souvenirs dans la m\u00e9moire.Chaque bloc s&rsquo;ouvre et se ferme sur un m\u00eame mot ou groupe de mots qui l&rsquo;enserre comme deux briques ou deux linteaux faisant tenir l&rsquo;\u00e9difice du souvenir. Ce souvenir, reconstitu\u00e9 par l&rsquo;\u00e9criture de la m\u00e9moire (et la m\u00e9moire dans l&rsquo;\u00e9criture)&hellip;<\/p>\n","protected":false},"author":1,"featured_media":0,"parent":0,"menu_order":0,"comment_status":"closed","ping_status":"closed","template":"","meta":{"om_disable_all_campaigns":false,"_monsterinsights_skip_tracking":false,"_monsterinsights_sitenote_active":false,"_monsterinsights_sitenote_note":"","_monsterinsights_sitenote_category":0,"footnotes":""},"class_list":["post-341","page","type-page","status-publish","hentry"],"aioseo_notices":[],"_links":{"self":[{"href":"https:\/\/sylvainmilliot.com\/index.php?rest_route=\/wp\/v2\/pages\/341","targetHints":{"allow":["GET"]}}],"collection":[{"href":"https:\/\/sylvainmilliot.com\/index.php?rest_route=\/wp\/v2\/pages"}],"about":[{"href":"https:\/\/sylvainmilliot.com\/index.php?rest_route=\/wp\/v2\/types\/page"}],"author":[{"embeddable":true,"href":"https:\/\/sylvainmilliot.com\/index.php?rest_route=\/wp\/v2\/users\/1"}],"replies":[{"embeddable":true,"href":"https:\/\/sylvainmilliot.com\/index.php?rest_route=%2Fwp%2Fv2%2Fcomments&post=341"}],"version-history":[{"count":8,"href":"https:\/\/sylvainmilliot.com\/index.php?rest_route=\/wp\/v2\/pages\/341\/revisions"}],"predecessor-version":[{"id":354,"href":"https:\/\/sylvainmilliot.com\/index.php?rest_route=\/wp\/v2\/pages\/341\/revisions\/354"}],"wp:attachment":[{"href":"https:\/\/sylvainmilliot.com\/index.php?rest_route=%2Fwp%2Fv2%2Fmedia&parent=341"}],"curies":[{"name":"wp","href":"https:\/\/api.w.org\/{rel}","templated":true}]}}